uppose 2*p = -4*a + c, -5*p + 102 = -2*a - 201. Is p prime?
True
Let r(y) = 85*y + 12. Let l be (-68)/(-6)*(-15)/(-10). Is r(l) prime?
False
Let i = 75 + -114. Suppose 2*o = -36 + 38, q + o - 91 = 0. Let w = q + i. Is w a composite number?
True
Is 3637179/(-252)*((-2)/(-2) + -5) a composite number?
True
Let y be (-15)/((-12)/(-4))*-1. Let o(k) = -3 + 5 - 87*k + 17*k**2 + 81*k. Is o(y) a prime number?
True
Suppose -5*p = 4*s - 0*s + 28, -2*s = -p. Let c(m) = -69*m + 4. Is c(s) a prime number?
False
Suppose 11*p = -3*d + 6*p + 130, 0 = -d + 4*p + 15. Let z = 100 - d. Is z a prime number?
False
Let t be ((-13)/91)/(2/(-14)). Suppose 5*k = -3*y - 13, 5*y = y - 3*k + t. Suppose -5*h = 2*r + r - 340, -y*r - 20 = 0. Is h a prime number?
True
Let k(a) = 188*a**3 - 2. Let j be k(-2). Let o be (2/4 + 2)/((-70)/62300). Let x = j - o. Is x a composite number?
False
Suppose 2*v - 3*k = 9, k + k + 11 = 3*v. Suppose -4*u - 46 - 21 = 3*f, 2*u = v*f - 29. Let o = u - -39. Is o a prime number?
True
Let t be (-5 - -4)*6 - -3. Is (-9)/t - -8*79 composite?
True
Let h be (((-12)/9)/((-6)/(-9)))/2. Is h/((-7)/(-7) - (-5416)/(-5414)) a prime number?
True
Let y(u) = 28*u**2 - u - 1. Let w = -13 + 12. Let h = -4 - w. Is y(h) a composite number?
True
Let c be (20/8)/1*(-12)/(-15). Let x(l) = 106*l**2 - 2*l - 1. Is x(c) a prime number?
True
Let k = 179 - 176. Suppose 3*b - 5080 = 3215. Suppose k*f - 4*f + s + 562 = 0, 5*f + 4*s = b. Is f a composite number?
False
Is (-4)/(-10)*(-10990)/(-28) a composite number?
False
Let y(v) = -v**3 - v**2 - v + 4. Let h be y(0). Let m = h - 4. Suppose 5*n + 2*d - 113 - 326 = m, -3*d = -2*n + 187. Is n a composite number?
False
Let v = 41 + -63. Is 4/v - 337509/(-99) composite?
True
Let b = 25 - 45. Let l be (1/(-2))/(2/b). Suppose p - l*p = -260. Is p prime?
False
Suppose 9*d - 4*d = 131515. Is d a prime number?
False
Suppose -4*w + 7 = -1. Let q = -570 - -342. Is 3/(-1) - (q + w) a prime number?
True
Let k(h) = 350*h**3 + 2*h**2 + h - 1. Let y be k(-2). Is y/10*2/(-1) a prime number?
False
Let s(o) = -2 + 57*o**2 + 2*o - 91*o**2 + 1 + 221*o**2. Is s(2) a prime number?
True
Let y(b) = 27*b**2 - 18*b - 674. Is y(-39) prime?
False
Let g be 100/6 + 2/(-3). Let q(z) = 34*z + 2 - 3 + g. Is q(11) a prime number?
True
Suppose -3*o + 229 = -3*c + 2*o, -4*c = 5*o + 247. Let i be 0 + -1 - -127 - 0. Let g = i + c. Is g composite?
True
Let m(j) = -8*j**2 - 3*j - 8. Let h(k) = 2 + 1 - 1 - 3 - k. Let f(v) = 5*h(v) - m(v). Is f(2) a composite number?
False
Suppose 2*d + 15 = d. Let j be ((-10)/d)/((-3)/9). Is 26/(-39)*2595/j a prime number?
False
Suppose -3*q + 13 = 2*w + 269, -4*w - 340 = 4*q. Let z(j) = j + 1. Let k be z(-1). Is q/(-2) - (k - 0) a prime number?
True
Suppose d = -5*g + 525, -d + g = -735 + 228. Let i = d - -112. Is i a composite number?
True
Let k(j) = -2436*j - 11. Is k(-3) a composite number?
False
Suppose -5*i + 14 = 4*g, -5*i + 2*g = -2*g - 6. Suppose -i*b = -4*b + 4*a + 798, 3*a + 6 = 0. Is b a prime number?
False
Suppose 1148 = 53*v - 49*v. Suppose -5*x = -3*m + 295, -3*m + 0*x + x = -v. Is m prime?
False
Let u(l) be the first derivative of -l**2 + 499*l - 16. Is u(0) composite?
False
Let w(t) be the third derivative of -t**6/120 + t**5/10 - 5*t**4/24 + 5*t**3/6 - 4*t**2. Let o be w(5). Let p(z) = z**2 + 3*z + 6. Is p(o) composite?
True
Let s = -26 + 31. Suppose 169 = -s*i + 999. Is i composite?
True
Suppose 6 = 2*a, 2*h - 177 = a - 1058. Let y = -410 + -235. Let t = h - y. Is t a composite number?
True
Suppose 6553 = f - 4*y, 5*y - 26149 = -4*f - 0*f. Is f a composite number?
True
Suppose -592 = 5*p + 393. Let h = 358 + p. Is h a prime number?
False
Let d be ((-11)/(-3) - 4)/(3/9). Is 5/d + -17 + 2225 a prime number?
True
Let n(p) = p**3 + 8*p**2 - 4*p - 6. Let x(t) = t**2 + 11*t + 10. Suppose 2*q = 2*a - 8, 5*q + 4*a = -44 - 21. Let o be x(q). Is n(o) a prime number?
False
Let d be (-7)/(-5) + (-6)/15. Let h be (-14)/35*(56 - d). Is (-1016)/h + (-2)/11 prime?
False
Let l = -2832 - -9713. Is l composite?
True
Let f be ((-108)/126)/(1/112). Let y = f - -279. Is y a prime number?
False
Let t(x) = x**2 + 4*x + 2. Let v be t(-4). Let r(b) = -9*b + 3*b + b**v - 2 - 2*b**2 - 1. Is r(-5) a composite number?
False
Let s be (-117)/(-52) + (-1)/4. Suppose -s*v + 271 + 591 = 0. Is v prime?
True
Let x(r) = -r**3 + 16*r**2 + 16*r + 21. Let f be x(17). Suppose 2458 = 2*a - 3*s - 2*s, -5*s = -f*a + 4916. Is a prime?
True
Suppose -2*m - 13 + 19 = 0. Suppose 5*d + 895 = -5*a, -3*a = -m*d - a - 537. Is 2/((2/d)/(-1)) composite?
False
Suppose 8*w - 26 = 6. Suppose 5*o - 3250 = -5*s - 0*o, -2609 = -w*s + 5*o. Let k = -184 + s. Is k a composite number?
False
Suppose -4*n - 3*o + 47237 = -369419, o = 2*n - 208318. Is n a composite number?
False
Suppose x + 3*u + 2 = 6, 3*x = 2*u + 12. Let c = -1857 + 2677. Suppose -856 = -x*w + c. Is w a composite number?
False
Suppose 0 = p - 2, 33 = 4*t - 3*p - 165. Is t a prime number?
False
Let k be (-11)/((-66)/36) - 2. Suppose 3*d + 2*s = -s + 351, d = 5*s + 93. Suppose -3*b + k*b - d = 0. Is b prime?
True
Let v(p) = -51*p + 5. Let c = 16 - 15. Suppose -z + c = 7. Is v(z) prime?
True
Suppose -2*m - 43 = 5*j, m + 4*j + 20 = -0*m. Let r = 347 + m. Is r composite?
True
Let t be -5 + 14 - (-4)/(-2). Suppose 2*w - t*w = -2050. Suppose 5*k = -p + 226, -p - p + 4*k + w = 0. Is p composite?
False
Let h = -20 + 25. Suppose -8 = -h*y + 2. Is y prime?
True
Let c(k) = 3*k - k**3 + 4*k**2 - 2*k**2 - 1 - 2 - 3. Let g be c(3). Is (4/g)/(4/(-1542)) a prime number?
True
Let o(v) = -254*v - 1. Let d(b) = -5*b**3 + 2*b + 1. Let u be d(-1). Suppose 4*y + u = -0. Is o(y) prime?
False
Is (13/((-273)/(-11578)))/((-2)/(-6)) composite?
True
Suppose y + 84713 = 2*n, -n - 2*y = -6*n + 211785. Is n prime?
True
Let g(r) = 1665*r - 116. Is g(7) prime?
False
Let w(a) = -479*a - 38. Is w(-5) prime?
True
Suppose 328 = 2*h - 938. Is h prime?
False
Suppose 126 = 2*z - 520. Let u = z + 114. Is u prime?
False
Let a(i) = 505*i - 1. Let b be a(-5). Let j = -1735 - b. Is j a prime number?
False
Let x(w) = -11*w**2 + 3*w - 10. Let d be x(5). Let l = d - -487. Is l a prime number?
False
Suppose 22442 = 5*g + 4*u, g - 7*u + 11*u - 4498 = 0. Is g prime?
False
Let g(y) = -29 + 17*y - 33*y - 3*y - 61*y. Is g(-10) a composite number?
True
Let g = 1141 + -568. Is g prime?
False
Let j(o) = -192*o**3 + 3*o**2 + 8*o + 10. Is j(-3) a prime number?
True
Let u(c) = 62*c + 4. Let b be u(4). Let o = -38 + b. Is o prime?
False
Suppose 24*x - 201544 - 66824 = 0. Is x a composite number?
True
Suppose -1 = 2*t - 9. Suppose -2*s = -a - 5, -t*s + a + 22 = 3*a. Suppose -5*v + 81 = n, 4*v - 178 = -s*n + 114. Is n prime?
True
Let a(m) = -7*m + 13. Suppose -52 = 5*x - 7. Let i be a(x). Suppose -i - 161 = -3*y. Is y a prime number?
True
Let v(x) = 8*x**2 + 3*x - 2. Let u be v(11). Let i = u - 548. Suppose -66 = 5*b - i. Is b a prime number?
False
Suppose -54 = -38*q + 35*q. Let h(d) = -d. Let y be h(-5). Let n = y + q. Is n a prime number?
True
Let k be (-12)/28*4*-7. Let s = k + -39. Is 6/s - 4421/(-9) prime?
True
Let g(m) = 30*m**2 - m + 2. Let r be g(-3). Suppose r = w - 144. Is w a prime number?
True
Let a(u) = u + 2. Let k be a(0). Let p(w) = -7 - w**2 - 3 + k*w**2 - 4*w. Is p(11) composite?
False
Let l = 918 - 79. Is l a composite number?
False
Let t(a) = 4611*a - 184. Is t(3) prime?
True
Let a(v) = -6*v**3 - 3*v**2 - 5*v + 183. Is a(-8) composite?
True
Is ((-65)/(-39))/((-6)/(-36)) prime?
False
Suppose y = -22 + 16. Is ((-3 - y)/3)/(4/8612) composite?
False
Let l(c) = 12*c**3 + 4*c**2 - 5*c - 3. Let f be l(4). Let q = f - 401. Suppose 0 = -2*h - q + 1426. Is h a composite number?
False
Let o(w) = 5*w**2 - 5*w + 13. Suppose 0 = y + 1, -39 = -5*j + 3*y - 4*y. Is o(j) a composite number?
False
Suppose -f = 11*v - 6*v - 6072, f - 4*v = 6027. Is f a prime number?
True
Let o(w) = 637*w + 165. Is o(8) prime?
True
Let q be ((-18)/(-4))/(6/(-8)). Let g(h) = 22*h**2 + 7*h - 1. Is g(q) prime?
False
Suppose 0 = 46*n - 25689 - 238213. Is n prime?
True
Suppose v + 531 = 149. Suppose 9*s - 13*s - 4570 = 3*k, 5*s + 5*k + 5710 = 0. Is (-1)/(s/v - 3) a composite number?
False
Is 3672 + -6 + -5 + 16 a prime number?
True
Is (-1)/(-15)*-2 + 9491758/1110 a composite number?
True
Supp